5
What is the tens digit of 317822670?
7
What is the hundred millions digit of 5074003174?
0
What is the millions digit of 47865501?
7
What is the ten thousands digit of 124058498?
5
What is the hundred thousands digit of 54504537?
5
What is the hundred thousands digit of 56190711?
1
What is the hundred millions digit of 2081382081?
0
What is the hundred thousands digit of 4677732301?
7
What is the ten thousands digit of 11473020?
7
What is the units digit of 40619055?
5
What is the units digit of 12460358?
8
What is the hundred millions digit of 2810235463?
8
What is the thousands digit of 42864609?
4
What is the ten millions digit of 115969349?
1
What is the ten thousands digit of 30367689?
6
What is the ten millions digit of 35869333?
3
What is the ten thousands digit of 141742721?
4
What is the thousands digit of 4656936450?
6
What is the hundreds digit of 838094557?
5
What is the billions digit of 4680606892?
4
What is the thousands digit of 1103446605?
6
What is the hundred thousands digit of 2809449364?
4
What is the tens digit of 68528158?
5
What is the millions digit of 26808136?
6
What is the hundreds digit of 71283569?
5
What is the hundred millions digit of 153906376?
1
What is the hundred thousands digit of 232553985?
5
What is the thousands digit of 33155443?
5
What is the ten thousands digit of 75471287?
7
What is the thousands digit of 561321931?
1
What is the millions digit of 87136037?
7
What is the ten thousands digit of 559866090?
6
What is the ten thousands digit of 88027787?
2
What is the tens digit of 31118782?
8
What is the millions digit of 53260269?
3
What is the units digit of 16954991?
1
What is the thousands digit of 81821915?
1
What is the thousands digit of 2368416507?
6
What is the millions digit of 13002385?
3
What is the billions digit of 2014715630?
2
What is the hundreds digit of 55596049?
0
What is the hundreds digit of 1166883984?
9
What is the hundred thousands digit of 903236325?
2
What is the billions digit of 5210788605?
5
What is the tens digit of 198503290?
9
What is the ten millions digit of 22536493?
2
What is the hundreds digit of 70034161?
1
What is the hundred millions digit of 1216168910?
2
What is the thousands digit of 1563893427?
3
What is the tens digit of 91143812?
1
What is the ten thousands digit of 630481641?
8
What is the tens digit of 27514577?
7
What is the ten millions digit of 4102686420?
0
What is the units digit of 4343301027?
7
What is the tens digit of 4846446246?
4
What is the millions digit of 308277354?
8
What is the hundred millions digit of 803335521?
8
What is the hundred thousands digit of 3753456716?
4
What is the hundred thousands digit of 70389271?
3
What is the hundred thousands digit of 774068071?
0
What is the hundred thousands digit of 2075330764?
3
What is the hundred millions digit of 936575691?
9
What is the units digit of 328870926?
6
What is the tens digit of 1172006082?
8
What is the ten millions digit of 992663922?
9
What is the tens digit of 1689003815?
1
What is the millions digit of 2217699053?
7
What is the billions digit of 2862371830?
2
What is the ten millions digit of 1292803937?
9
What is the thousands digit of 692173966?
3
What is the units digit of 36495097?
7
What is the tens digit of 2445852990?
9
What is the tens digit of 75357088?
8
What is the thousands digit of 99153436?
3
What is the tens digit of 3358532676?
7
What is the thousands digit of 4383397599?
7
What is the thousands digit of 44997364?
7
What is the ten millions digit of 40133827?
4
What is the hundred thousands digit of 36155740?
1
What is the tens digit of 420399551?
5
What is the ten thousands digit of 275189185?
8
What is the hundred thousands digit of 593866119?
8
What is the billions digit of 5320462307?
5
What is the hundred millions digit of 2091119763?
0
What is the ten millions digit of 484465887?
8
What is the millions digit of 51584805?
1
What is the units digit of 252209571?
1
What is the hundred thousands digit of 99839447?
8
What is the hundreds digit of 741343169?
1
What is the units digit of 672428334?
4
What is the hundred thousands digit of 1900764636?
7
What is the millions digit of 122751173?
2
What is the hundred thousands digit of 433113130?
1
What is the ten millions digit of 63054699?
6
What is the ten thousands digit of 4937148907?
4
What is the units digit of 244675127?
7
What is the ten thousands digit of 400869670?
6
What is the ten thousands digit of 1864628427?
2
What is the hundred thousands digit of 51951493?
9
What is the thousands digit of 112240997?
0
What is the tens digit of 77176413?
1
What is the billions digit of 1442993576?
1
What is the ten millions digit of 1142986572?
4
What is the hundreds digit of 26870620?
6
What is the thousands digit of 149685931?
5
What is the units digit of 1464477170?
0
What is the hundred thousands digit of 63574548?
5
What is the millions digit of 908242446?
8
What is the millions digit of 1171951052?
1
What is the units digit of 86980379?
9
What is the thousands digit of 131998981?
8
What is the units digit of 25987675?
5
What is the hundred thousands digit of 15495846?
4
What is the ten millions digit of 540344504?
4
What is the units digit of 50837156?
6
What is the hundred thousands digit of 629470660?
4
What is the hundred thousands digit of 4315051027?
0
What is the ten millions digit of 5607123842?
0
What is the hundred thousands digit of 345747722?
7
What is the tens digit of 13534916?
1
What is the units digit of 40867808?
8
What is the ten millions digit of 5746444298?
4
What is the tens digit of 74390839?
3
What is the hundred millions digit of 278921207?
2
What is the ten millions digit of 4570706924?
7
What is the millions digit of 3521071214?
1
What is the millions digit of 112043995?
2
What is the thousands digit of 931902793?
2
What is the thousands digit of 16488628?
8
What is the hundreds digit of 5693644105?
1
What is the hundred millions digit of 4728227810?
7
What is the millions digit of 3177613258?
7
What is the units digit of 71530103?
3
What is the ten millions digit of 39968703?
3
What is the hundred thousands digit of 6175465?
1
What is the millions digit of 350378576?
0
What is the hundreds digit of 95810570?
5
What is the units digit of 202487152?
2
What is the hundreds digit of 328937488?
4
What is the ten thousands digit of 258634129?
3
What is the hundred thousands digit of 464741082?
7
What is the ten thousands digit of 389562740?
6
What is the hundred thousands digit of 61191488?
1
What is the tens digit of 2745631196?
9
What is the ten millions digit of 138053128?
3
What is the millions digit of 82852891?
2
What is the millions digit of 1121191068?
1
What is the units digit of 50853749?
9
What is the units digit of 5525417235?
5
What is the billions digit of 6491156686?
6
What is the thousands digit of 3538313060?
3
What is the hundreds digit of 1064349776?
7
What is the hundred millions digit of 1262748651?
2
What is the millions digit of 63365205?
3
What is the thousands digit of 2098854058?
4
What is the hundreds digit of 461027938?
9
What is the ten thousands digit of 31857515?
5
What is the hundred thousands digit of 35085932?
0
What is the ten thousands digit of 652939869?
3
What is the tens digit of 661474390?
9
What is the hundreds digit of 1738183103?
1
What is the thousands digit of 7939979121?
9
What is the thousands digit of 15617661?
7
What is the tens digit of 586681231?
3
What is the hundred thousands digit of 1817588577?
5
What is the hundred millions digit of 267208390?
2
What is the tens digit of 38331058?
5
What is the thousands digit of 6351212324?
2
What is the hundreds digit of 21107378?
3
What is the tens digit of 776260333?
3
What is the hundreds digit of 303573655?
6
What is the hundreds digit of 1461547338?
3
What is the millions digit of 180658375?
0
What is the hundred millions digit of 1189404657?
1
What is the millions digit of 166904275?
6
What is the ten thousands digit of 338611184?
1
What is the units digit of 1076831112?
2
What is the thousands digit of 195482327?
2
What is the hundred thousands digit of 131392747?
3
What is the units digit of 52633241?
1
What is the thousands digit of 55611447?
1
What is the ten thousands digit of 578